{"id":2,"date":"2013-06-19T08:16:02","date_gmt":"2013-06-19T08:16:02","guid":{"rendered":"http:\/\/www.jerzyjastrzebowski.pl\/?page_id=2"},"modified":"2022-11-09T13:30:03","modified_gmt":"2022-11-09T12:30:03","slug":"przykladowa-strona","status":"publish","type":"page","link":"https:\/\/www.jerzyjastrzebowski.pl\/","title":{"rendered":"Biografia"},"content":{"rendered":"<div id=\"mw-content-text\" dir=\"ltr\" lang=\"pl\">\n<hr \/>\n<p dir=\"ltr\" style=\"text-align: center;\"><span style=\"text-decoration: underline;\">Dnia 24 pa\u017adziernika 2022 roku odszed\u0142 w wieku 85 lat<\/span><\/p>\n<p dir=\"ltr\" style=\"text-align: center;\">Ukochany M\u0105\u017c, Ojciec, Dziadek, Przyjaciel<\/p>\n<p dir=\"ltr\" style=\"text-align: center;\"><strong>JERZY MICHA\u0141 JASTRZ\u0118BOWSKI<\/strong><\/p>\n<p dir=\"ltr\" style=\"text-align: center;\">Dziennikarz Polskiego Radia, cz\u0142onek Komisji Krajowej NSZZ &#8222;Solidarno\u015b\u0107&#8221;, szef podziemnego Radia Solidarno\u015b\u0107.<\/p>\n<hr \/>\n<p>Jest absolwentem <a title=\"Gimnazjum i Liceum im. Stefana Batorego w Warszawie\" href=\"http:\/\/pl.wikipedia.org\/wiki\/Gimnazjum_i_Liceum_im._Stefana_Batorego_w_Warszawie\">Liceum im. Stefana Batorego<\/a> i <a title=\"Uniwersytet Warszawski\" href=\"http:\/\/pl.wikipedia.org\/wiki\/Uniwersytet_Warszawski\">Uniwersytetu Warszawskiego<\/a>. W latach 1959-1981 by\u0142 pracownikiem <a title=\"Polskie Radio dla Zagranicy\" href=\"http:\/\/pl.wikipedia.org\/wiki\/Polskie_Radio_dla_Zagranicy\">Polskiego Radia dla Zagranicy<\/a>.<\/p>\n<p>W 1981 zosta\u0142 cz\u0142onkiem pierwszej Komisji Krajowej NSZZ &#8222;S&#8221;. W noc stanu wojennego uciek\u0142 z ob\u0142awy. Po aresztowaniu <a title=\"Zbigniew Romaszewski\" href=\"http:\/\/pl.wikipedia.org\/wiki\/Zbigniew_Romaszewski\">Zbigniewa Romaszewskiego<\/a> latem 1982 zosta\u0142 koordynatorem warszawskiego podziemnego <a title=\"Radio Solidarno\u015b\u0107\" href=\"http:\/\/pl.wikipedia.org\/wiki\/Radio_Solidarno%C5%9B%C4%87\">Radia Solidarno\u015b\u0107<\/a>. W 1983 przebywa\u0142 w <a title=\"Areszt \u015aledczy Warszawa-Mokot\u00f3w\" href=\"http:\/\/pl.wikipedia.org\/wiki\/Areszt_%C5%9Aledczy_Warszawa-Mokot%C3%B3w\">wi\u0119zieniu przy Rakowieckiej<\/a>.<\/p>\n<p>Publicysta-wsp\u00f3\u0142pracownik \u201e<a title=\"Kultura (miesi\u0119cznik)\" href=\"http:\/\/pl.wikipedia.org\/wiki\/Kultura_%28miesi%C4%99cznik%29\">Kultury<\/a>\u201d paryskiej i \u201eZeszyt\u00f3w Historycznych\u201d (1984\u20131990), \u201e<a title=\"Tygodnik Powszechny\" href=\"http:\/\/pl.wikipedia.org\/wiki\/Tygodnik_Powszechny\">Tygodnika Powszechnego<\/a>\u201d (1986\u20131991), \u201e<a title=\"Rzeczpospolita (czasopismo)\" href=\"http:\/\/pl.wikipedia.org\/wiki\/Rzeczpospolita_%28czasopismo%29\">Rzeczpospolitej<\/a>\u201d (1993\u20132005) i innych.<\/p>\n<p>Fundator stypendi\u00f3w m.in. w Studium Europy Wschodniej UW i w ramach Funduszu Nowego Tysi\u0105clecia Jana Paw\u0142a II.<\/p>\n<\/div>\n","protected":false},"excerpt":{"rendered":"<p>Dnia 24 pa\u017adziernika 2022 roku odszed\u0142 w wieku 85 lat Ukochany M\u0105\u017c, Ojciec, Dziadek, Przyjaciel JERZY MICHA\u0141 JASTRZ\u0118BOWSKI Dziennikarz Polskiego Radia, cz\u0142onek Komisji Krajowej NSZZ &#8222;Solidarno\u015b\u0107&#8221;, szef podziemnego Radia Solidarno\u015b\u0107. Jest absolwentem Liceum im. Stefana Batorego i Uniwersytetu Warszawskiego. W latach 1959-1981 by\u0142 pracownikiem Polskiego Radia dla Zagranicy. W 1981 zosta\u0142 cz\u0142onkiem pierwszej Komisji Krajowej [&hellip;]<\/p>\n","protected":false},"author":2,"featured_media":0,"parent":0,"menu_order":0,"comment_status":"closed","ping_status":"open","template":"","meta":[],"_links":{"self":[{"href":"https:\/\/www.jerzyjastrzebowski.pl\/index.php?rest_route=\/wp\/v2\/pages\/2"}],"collection":[{"href":"https:\/\/www.jerzyjastrzebowski.pl\/index.php?rest_route=\/wp\/v2\/pages"}],"about":[{"href":"https:\/\/www.jerzyjastrzebowski.pl\/index.php?rest_route=\/wp\/v2\/types\/page"}],"author":[{"embeddable":true,"href":"https:\/\/www.jerzyjastrzebowski.pl\/index.php?rest_route=\/wp\/v2\/users\/2"}],"replies":[{"embeddable":true,"href":"https:\/\/www.jerzyjastrzebowski.pl\/index.php?rest_route=%2Fwp%2Fv2%2Fcomments&post=2"}],"version-history":[{"count":8,"href":"https:\/\/www.jerzyjastrzebowski.pl\/index.php?rest_route=\/wp\/v2\/pages\/2\/revisions"}],"predecessor-version":[{"id":484,"href":"https:\/\/www.jerzyjastrzebowski.pl\/index.php?rest_route=\/wp\/v2\/pages\/2\/revisions\/484"}],"wp:attachment":[{"href":"https:\/\/www.jerzyjastrzebowski.pl\/index.php?rest_route=%2Fwp%2Fv2%2Fmedia&parent=2"}],"curies":[{"name":"wp","href":"https:\/\/api.w.org\/{rel}","templated":true}]}}